{"id":905,"date":"2021-08-29T14:28:42","date_gmt":"2021-08-29T14:28:42","guid":{"rendered":"https:\/\/colivingjardins.com\/?page_id=905"},"modified":"2021-09-15T21:16:44","modified_gmt":"2021-09-15T21:16:44","slug":"vantagens","status":"publish","type":"page","link":"https:\/\/colivingjardins.com\/index.php\/vantagens\/","title":{"rendered":"Vantagens"},"content":{"rendered":"\t\t<div data-elementor-type=\"wp-page\" data-elementor-id=\"905\" class=\"elementor elementor-905\">\n\t\t\t\t\t\t<section class=\"elementor-section elementor-top-section elementor-element elementor-element-ce82591 elementor-section-boxed elementor-section-height-default elementor-section-height-default\" data-id=\"ce82591\" data-element_type=\"section\" data-e-type=\"section\">\n\t\t\t\t\t\t<div class=\"elementor-container elementor-column-gap-default\">\n\t\t\t\t\t<div class=\"elementor-column elementor-col-100 elementor-top-column elementor-element elementor-element-3ebd5ac\" data-id=\"3ebd5ac\" data-element_type=\"column\" data-e-type=\"column\">\n\t\t\t<div class=\"elementor-widget-wrap elementor-element-populated\">\n\t\t\t\t\t\t<div class=\"elementor-element elementor-element-8f182af elementor-widget elementor-widget-heading\" data-id=\"8f182af\" data-element_type=\"widget\" data-e-type=\"widget\" data-widget_type=\"heading.default\">\n\t\t\t\t<div class=\"elementor-widget-container\">\n\t\t\t\t\t<h2 class=\"elementor-heading-title elementor-size-default\">Principais Vantagens<\/h2>\t\t\t\t<\/div>\n\t\t\t\t<\/div>\n\t\t\t\t\t<\/div>\n\t\t<\/div>\n\t\t\t\t\t<\/div>\n\t\t<\/section>\n\t\t\t\t<section class=\"elementor-section elementor-top-section elementor-element elementor-element-c8a5db9 elementor-section-boxed elementor-section-height-default elementor-section-height-default\" data-id=\"c8a5db9\" data-element_type=\"section\" data-e-type=\"section\">\n\t\t\t\t\t\t<div class=\"elementor-container elementor-column-gap-default\">\n\t\t\t\t\t<div class=\"elementor-column elementor-col-25 elementor-top-column elementor-element elementor-element-3362406\" data-id=\"3362406\" data-element_type=\"column\" data-e-type=\"column\">\n\t\t\t<div class=\"elementor-widget-wrap\">\n\t\t\t\t\t\t\t<\/div>\n\t\t<\/div>\n\t\t\t\t<div class=\"elementor-column elementor-col-50 elementor-top-column elementor-element elementor-element-2310a5b\" data-id=\"2310a5b\" data-element_type=\"column\" data-e-type=\"column\">\n\t\t\t<div class=\"elementor-widget-wrap elementor-element-populated\">\n\t\t\t\t\t\t<div class=\"elementor-element elementor-element-771af77 elementor-icon-list--layout-traditional elementor-list-item-link-full_width elementor-widget elementor-widget-icon-list\" data-id=\"771af77\" data-element_type=\"widget\" data-e-type=\"widget\" data-widget_type=\"icon-list.default\">\n\t\t\t\t<div class=\"elementor-widget-container\">\n\t\t\t\t\t\t\t<ul class=\"elementor-icon-list-items\">\n\t\t\t\t\t\t\t<li class=\"elementor-icon-list-item\">\n\t\t\t\t\t\t\t\t\t\t\t<span class=\"elementor-icon-list-icon\">\n\t\t\t\t\t\t\t<i aria-hidden=\"true\" class=\"fas fa-dot-circle\"><\/i>\t\t\t\t\t\t<\/span>\n\t\t\t\t\t\t\t\t\t\t<span class=\"elementor-icon-list-text\">LOCALIZA\u00c7\u00c3O PRIVILEGIADA, PR\u00d3XIMO DE TUDO, NO MELHOR BAIRRO DE S\u00c3O PAULO.<\/span>\n\t\t\t\t\t\t\t\t\t<\/li>\n\t\t\t\t\t\t\t\t<li class=\"elementor-icon-list-item\">\n\t\t\t\t\t\t\t\t\t\t\t<span class=\"elementor-icon-list-icon\">\n\t\t\t\t\t\t\t<i aria-hidden=\"true\" class=\"fas fa-dot-circle\"><\/i>\t\t\t\t\t\t<\/span>\n\t\t\t\t\t\t\t\t\t\t<span class=\"elementor-icon-list-text\">LOCA\u00c7\u00c3O SEM BUROCRACIA, N\u00c3O PRECISA DE FIADOR E COMPROVANTE DE RENDA.<\/span>\n\t\t\t\t\t\t\t\t\t<\/li>\n\t\t\t\t\t\t\t\t<li class=\"elementor-icon-list-item\">\n\t\t\t\t\t\t\t\t\t\t\t<span class=\"elementor-icon-list-icon\">\n\t\t\t\t\t\t\t<i aria-hidden=\"true\" class=\"fas fa-dot-circle\"><\/i>\t\t\t\t\t\t<\/span>\n\t\t\t\t\t\t\t\t\t\t<span class=\"elementor-icon-list-text\">AP\u00caS AMPLOS E ACONCHEGANTES. J\u00c1 EST\u00c3O MOBILIADOS E DECORADOS, PRONTOS PARA MORAR.<\/span>\n\t\t\t\t\t\t\t\t\t<\/li>\n\t\t\t\t\t\t\t\t<li class=\"elementor-icon-list-item\">\n\t\t\t\t\t\t\t\t\t\t\t<span class=\"elementor-icon-list-icon\">\n\t\t\t\t\t\t\t<i aria-hidden=\"true\" class=\"fas fa-dot-circle\"><\/i>\t\t\t\t\t\t<\/span>\n\t\t\t\t\t\t\t\t\t\t<span class=\"elementor-icon-list-text\">\u00c1REA DE SERVI\u00c7O COMPLETA COM M\u00c1QUINA DE LAVAR DENTRO DE CADA APARTAMENTO.<\/span>\n\t\t\t\t\t\t\t\t\t<\/li>\n\t\t\t\t\t\t\t\t<li class=\"elementor-icon-list-item\">\n\t\t\t\t\t\t\t\t\t\t\t<span class=\"elementor-icon-list-icon\">\n\t\t\t\t\t\t\t<i aria-hidden=\"true\" class=\"fas fa-dot-circle\"><\/i>\t\t\t\t\t\t<\/span>\n\t\t\t\t\t\t\t\t\t\t<span class=\"elementor-icon-list-text\">CONTRATO FLEX\u00cdVEL COM ESTADIA M\u00cdNIMA DE 6 MESES.<\/span>\n\t\t\t\t\t\t\t\t\t<\/li>\n\t\t\t\t\t\t\t\t<li class=\"elementor-icon-list-item\">\n\t\t\t\t\t\t\t\t\t\t\t<span class=\"elementor-icon-list-icon\">\n\t\t\t\t\t\t\t<i aria-hidden=\"true\" class=\"fas fa-dot-circle\"><\/i>\t\t\t\t\t\t<\/span>\n\t\t\t\t\t\t\t\t\t\t<span class=\"elementor-icon-list-text\">N\u00d3S CUIDAMOS DE TODA ADMINISTRA\u00c7\u00c3O PARA VOC\u00ca.<\/span>\n\t\t\t\t\t\t\t\t\t<\/li>\n\t\t\t\t\t\t\t\t<li class=\"elementor-icon-list-item\">\n\t\t\t\t\t\t\t\t\t\t\t<span class=\"elementor-icon-list-icon\">\n\t\t\t\t\t\t\t<i aria-hidden=\"true\" class=\"fas fa-dot-circle\"><\/i>\t\t\t\t\t\t<\/span>\n\t\t\t\t\t\t\t\t\t\t<span class=\"elementor-icon-list-text\">TUDO INCLUSO EM UM \u00daNICO PAGAMENTO MENSAL.<br>POSSIBILIDADE DE MUDAR PARA OUTRO AP\u00ca DO COLIVING JARDINS.<\/span>\n\t\t\t\t\t\t\t\t\t<\/li>\n\t\t\t\t\t\t\t\t<li class=\"elementor-icon-list-item\">\n\t\t\t\t\t\t\t\t\t\t\t<span class=\"elementor-icon-list-icon\">\n\t\t\t\t\t\t\t<i aria-hidden=\"true\" class=\"fas fa-dot-circle\"><\/i>\t\t\t\t\t\t<\/span>\n\t\t\t\t\t\t\t\t\t\t<span class=\"elementor-icon-list-text\">TROCAR EXPERI\u00caNCIA COM OUTROS MORADORES E FAZER NOVAS AMIZADES.<\/span>\n\t\t\t\t\t\t\t\t\t<\/li>\n\t\t\t\t\t\t<\/ul>\n\t\t\t\t\t\t<\/div>\n\t\t\t\t<\/div>\n\t\t\t\t\t<\/div>\n\t\t<\/div>\n\t\t\t\t<div class=\"elementor-column elementor-col-25 elementor-top-column elementor-element elementor-element-7401f2c\" data-id=\"7401f2c\" data-element_type=\"column\" data-e-type=\"column\">\n\t\t\t<div class=\"elementor-widget-wrap\">\n\t\t\t\t\t\t\t<\/div>\n\t\t<\/div>\n\t\t\t\t\t<\/div>\n\t\t<\/section>\n\t\t\t\t<section class=\"elementor-section elementor-top-section elementor-element elementor-element-c6e462d elementor-section-boxed elementor-section-height-default elementor-section-height-default\" data-id=\"c6e462d\" data-element_type=\"section\" data-e-type=\"section\">\n\t\t\t\t\t\t<div class=\"elementor-container elementor-column-gap-default\">\n\t\t\t\t\t<div class=\"elementor-column elementor-col-100 elementor-top-column elementor-element elementor-element-c341209\" data-id=\"c341209\" data-element_type=\"column\" data-e-type=\"column\">\n\t\t\t<div class=\"elementor-widget-wrap elementor-element-populated\">\n\t\t\t\t\t\t<div class=\"elementor-element elementor-element-507ad0a elementor-widget elementor-widget-text-editor\" data-id=\"507ad0a\" data-element_type=\"widget\" data-e-type=\"widget\" data-widget_type=\"text-editor.default\">\n\t\t\t\t<div class=\"elementor-widget-container\">\n\t\t\t\t\t\t\t\t\t<p><span style=\"font-weight: 400;\">Esque\u00e7a o perrengue para conseguir um fiador, comprovar renda, as confus\u00f5es para partilhar as despesas e o desespero para preencher a vaga de algu\u00e9m que decidiu ir embora.<\/span><\/p><p>\u00a0<\/p><p><span style=\"font-weight: 400;\">O Coliving Jardins oferece quartos privados, com bom custo-benef\u00edcio, em apartamentos compartilhados, mobiliados e decorados, no melhor bairro de S\u00e3o Paulo.<\/span><\/p><p><span style=\"font-weight: 400;\"><br \/><\/span><span style=\"font-weight: 400;\">Geralmente, manter uma casa ou um apartamento pode ser trabalhoso, principalmente se voc\u00ea trabalha (e muito) durante todo o dia. Um dos principais benef\u00edcios do Coliving Jardins \u00e9 o conforto dos servi\u00e7os b\u00e1sicos de limpeza e manuten\u00e7\u00e3o inclusos.<\/span><\/p>\t\t\t\t\t\t\t\t<\/div>\n\t\t\t\t<\/div>\n\t\t\t\t\t<\/div>\n\t\t<\/div>\n\t\t\t\t\t<\/div>\n\t\t<\/section>\n\t\t\t\t<\/div>\n\t\t","protected":false},"excerpt":{"rendered":"<p>Principais Vantagens LOCALIZA\u00c7\u00c3O PRIVILEGIADA, PR\u00d3XIMO DE TUDO, NO MELHOR BAIRRO DE S\u00c3O PAULO. LOCA\u00c7\u00c3O SEM BUROCRACIA, N\u00c3O PRECISA DE FIADOR E COMPROVANTE DE RENDA. AP\u00caS [&hellip;]<\/p>\n","protected":false},"author":2,"featured_media":0,"parent":0,"menu_order":0,"comment_status":"closed","ping_status":"closed","template":"","meta":{"om_disable_all_campaigns":false,"_monsterinsights_skip_tracking":false,"_monsterinsights_sitenote_active":false,"_monsterinsights_sitenote_note":"","_monsterinsights_sitenote_category":0,"_joinchat":[],"footnotes":""},"class_list":["post-905","page","type-page","status-publish","hentry"],"aioseo_notices":[],"yoast_head":"<!-- This site is optimized with the Yoast SEO plugin v27.4 - https:\/\/yoast.com\/product\/yoast-seo-wordpress\/ -->\n<title>Vantagens de morar no - Coliving Jardins<\/title>\n<meta name=\"description\" content=\"Localiza\u00e7\u00e3o privilegiada, no melhor bairro de S\u00e3o Paulo, loca\u00e7\u00e3o sem burocracia, contrato m\u00ednimo de 6 meses, dentre v\u00e1rias outras vantagens!\" \/>\n<meta name=\"robots\" content=\"index, follow, max-snippet:-1, max-image-preview:large, max-video-preview:-1\" \/>\n<link rel=\"canonical\" href=\"https:\/\/colivingjardins.com\/index.php\/vantagens\/\" \/>\n<meta property=\"og:locale\" content=\"en_US\" \/>\n<meta property=\"og:type\" content=\"article\" \/>\n<meta property=\"og:title\" content=\"Vantagens de morar no - Coliving Jardins\" \/>\n<meta property=\"og:description\" content=\"Localiza\u00e7\u00e3o privilegiada, no melhor bairro de S\u00e3o Paulo, loca\u00e7\u00e3o sem burocracia, contrato m\u00ednimo de 6 meses, dentre v\u00e1rias outras vantagens!\" \/>\n<meta property=\"og:url\" content=\"https:\/\/colivingjardins.com\/index.php\/vantagens\/\" \/>\n<meta property=\"og:site_name\" content=\"Coliving Jardins\" \/>\n<meta property=\"article:modified_time\" content=\"2021-09-15T21:16:44+00:00\" \/>\n<meta name=\"twitter:card\" content=\"summary_large_image\" \/>\n<meta name=\"twitter:label1\" content=\"Est. reading time\" \/>\n\t<meta name=\"twitter:data1\" content=\"1 minute\" \/>\n<script type=\"application\/ld+json\" class=\"yoast-schema-graph\">{\"@context\":\"https:\\\/\\\/schema.org\",\"@graph\":[{\"@type\":\"WebPage\",\"@id\":\"https:\\\/\\\/colivingjardins.com\\\/index.php\\\/vantagens\\\/\",\"url\":\"https:\\\/\\\/colivingjardins.com\\\/index.php\\\/vantagens\\\/\",\"name\":\"Vantagens de morar no - Coliving Jardins\",\"isPartOf\":{\"@id\":\"https:\\\/\\\/colivingjardins.com\\\/#website\"},\"datePublished\":\"2021-08-29T14:28:42+00:00\",\"dateModified\":\"2021-09-15T21:16:44+00:00\",\"description\":\"Localiza\u00e7\u00e3o privilegiada, no melhor bairro de S\u00e3o Paulo, loca\u00e7\u00e3o sem burocracia, contrato m\u00ednimo de 6 meses, dentre v\u00e1rias outras vantagens!\",\"breadcrumb\":{\"@id\":\"https:\\\/\\\/colivingjardins.com\\\/index.php\\\/vantagens\\\/#breadcrumb\"},\"inLanguage\":\"en-US\",\"potentialAction\":[{\"@type\":\"ReadAction\",\"target\":[\"https:\\\/\\\/colivingjardins.com\\\/index.php\\\/vantagens\\\/\"]}]},{\"@type\":\"BreadcrumbList\",\"@id\":\"https:\\\/\\\/colivingjardins.com\\\/index.php\\\/vantagens\\\/#breadcrumb\",\"itemListElement\":[{\"@type\":\"ListItem\",\"position\":1,\"name\":\"Home\",\"item\":\"https:\\\/\\\/colivingjardins.com\\\/\"},{\"@type\":\"ListItem\",\"position\":2,\"name\":\"Vantagens\"}]},{\"@type\":\"WebSite\",\"@id\":\"https:\\\/\\\/colivingjardins.com\\\/#website\",\"url\":\"https:\\\/\\\/colivingjardins.com\\\/\",\"name\":\"Coliving Jardins\",\"description\":\"More na melhor regi\u00e3o de SP\",\"publisher\":{\"@id\":\"https:\\\/\\\/colivingjardins.com\\\/#organization\"},\"potentialAction\":[{\"@type\":\"SearchAction\",\"target\":{\"@type\":\"EntryPoint\",\"urlTemplate\":\"https:\\\/\\\/colivingjardins.com\\\/?s={search_term_string}\"},\"query-input\":{\"@type\":\"PropertyValueSpecification\",\"valueRequired\":true,\"valueName\":\"search_term_string\"}}],\"inLanguage\":\"en-US\"},{\"@type\":\"Organization\",\"@id\":\"https:\\\/\\\/colivingjardins.com\\\/#organization\",\"name\":\"Coliving Jardins\",\"url\":\"https:\\\/\\\/colivingjardins.com\\\/\",\"logo\":{\"@type\":\"ImageObject\",\"inLanguage\":\"en-US\",\"@id\":\"https:\\\/\\\/colivingjardins.com\\\/#\\\/schema\\\/logo\\\/image\\\/\",\"url\":\"https:\\\/\\\/colivingjardins.com\\\/wp-content\\\/uploads\\\/2021\\\/08\\\/cropped-cropped-cropped-LOGO-ESTENDIDA-PNG.png\",\"contentUrl\":\"https:\\\/\\\/colivingjardins.com\\\/wp-content\\\/uploads\\\/2021\\\/08\\\/cropped-cropped-cropped-LOGO-ESTENDIDA-PNG.png\",\"width\":1196,\"height\":210,\"caption\":\"Coliving Jardins\"},\"image\":{\"@id\":\"https:\\\/\\\/colivingjardins.com\\\/#\\\/schema\\\/logo\\\/image\\\/\"}}]}<\/script>\n<!-- \/ Yoast SEO plugin. -->","yoast_head_json":{"title":"Vantagens de morar no - Coliving Jardins","description":"Localiza\u00e7\u00e3o privilegiada, no melhor bairro de S\u00e3o Paulo, loca\u00e7\u00e3o sem burocracia, contrato m\u00ednimo de 6 meses, dentre v\u00e1rias outras vantagens!","robots":{"index":"index","follow":"follow","max-snippet":"max-snippet:-1","max-image-preview":"max-image-preview:large","max-video-preview":"max-video-preview:-1"},"canonical":"https:\/\/colivingjardins.com\/index.php\/vantagens\/","og_locale":"en_US","og_type":"article","og_title":"Vantagens de morar no - Coliving Jardins","og_description":"Localiza\u00e7\u00e3o privilegiada, no melhor bairro de S\u00e3o Paulo, loca\u00e7\u00e3o sem burocracia, contrato m\u00ednimo de 6 meses, dentre v\u00e1rias outras vantagens!","og_url":"https:\/\/colivingjardins.com\/index.php\/vantagens\/","og_site_name":"Coliving Jardins","article_modified_time":"2021-09-15T21:16:44+00:00","twitter_card":"summary_large_image","twitter_misc":{"Est. reading time":"1 minute"},"schema":{"@context":"https:\/\/schema.org","@graph":[{"@type":"WebPage","@id":"https:\/\/colivingjardins.com\/index.php\/vantagens\/","url":"https:\/\/colivingjardins.com\/index.php\/vantagens\/","name":"Vantagens de morar no - Coliving Jardins","isPartOf":{"@id":"https:\/\/colivingjardins.com\/#website"},"datePublished":"2021-08-29T14:28:42+00:00","dateModified":"2021-09-15T21:16:44+00:00","description":"Localiza\u00e7\u00e3o privilegiada, no melhor bairro de S\u00e3o Paulo, loca\u00e7\u00e3o sem burocracia, contrato m\u00ednimo de 6 meses, dentre v\u00e1rias outras vantagens!","breadcrumb":{"@id":"https:\/\/colivingjardins.com\/index.php\/vantagens\/#breadcrumb"},"inLanguage":"en-US","potentialAction":[{"@type":"ReadAction","target":["https:\/\/colivingjardins.com\/index.php\/vantagens\/"]}]},{"@type":"BreadcrumbList","@id":"https:\/\/colivingjardins.com\/index.php\/vantagens\/#breadcrumb","itemListElement":[{"@type":"ListItem","position":1,"name":"Home","item":"https:\/\/colivingjardins.com\/"},{"@type":"ListItem","position":2,"name":"Vantagens"}]},{"@type":"WebSite","@id":"https:\/\/colivingjardins.com\/#website","url":"https:\/\/colivingjardins.com\/","name":"Coliving Jardins","description":"More na melhor regi\u00e3o de SP","publisher":{"@id":"https:\/\/colivingjardins.com\/#organization"},"potentialAction":[{"@type":"SearchAction","target":{"@type":"EntryPoint","urlTemplate":"https:\/\/colivingjardins.com\/?s={search_term_string}"},"query-input":{"@type":"PropertyValueSpecification","valueRequired":true,"valueName":"search_term_string"}}],"inLanguage":"en-US"},{"@type":"Organization","@id":"https:\/\/colivingjardins.com\/#organization","name":"Coliving Jardins","url":"https:\/\/colivingjardins.com\/","logo":{"@type":"ImageObject","inLanguage":"en-US","@id":"https:\/\/colivingjardins.com\/#\/schema\/logo\/image\/","url":"https:\/\/colivingjardins.com\/wp-content\/uploads\/2021\/08\/cropped-cropped-cropped-LOGO-ESTENDIDA-PNG.png","contentUrl":"https:\/\/colivingjardins.com\/wp-content\/uploads\/2021\/08\/cropped-cropped-cropped-LOGO-ESTENDIDA-PNG.png","width":1196,"height":210,"caption":"Coliving Jardins"},"image":{"@id":"https:\/\/colivingjardins.com\/#\/schema\/logo\/image\/"}}]}},"_links":{"self":[{"href":"https:\/\/colivingjardins.com\/index.php\/wp-json\/wp\/v2\/pages\/905","targetHints":{"allow":["GET"]}}],"collection":[{"href":"https:\/\/colivingjardins.com\/index.php\/wp-json\/wp\/v2\/pages"}],"about":[{"href":"https:\/\/colivingjardins.com\/index.php\/wp-json\/wp\/v2\/types\/page"}],"author":[{"embeddable":true,"href":"https:\/\/colivingjardins.com\/index.php\/wp-json\/wp\/v2\/users\/2"}],"replies":[{"embeddable":true,"href":"https:\/\/colivingjardins.com\/index.php\/wp-json\/wp\/v2\/comments?post=905"}],"version-history":[{"count":14,"href":"https:\/\/colivingjardins.com\/index.php\/wp-json\/wp\/v2\/pages\/905\/revisions"}],"predecessor-version":[{"id":1203,"href":"https:\/\/colivingjardins.com\/index.php\/wp-json\/wp\/v2\/pages\/905\/revisions\/1203"}],"wp:attachment":[{"href":"https:\/\/colivingjardins.com\/index.php\/wp-json\/wp\/v2\/media?parent=905"}],"curies":[{"name":"wp","href":"https:\/\/api.w.org\/{rel}","templated":true}]}}